{"id":602,"date":"2021-11-03T15:04:26","date_gmt":"2021-11-03T13:04:26","guid":{"rendered":"https:\/\/barbatidesucces.ro\/?page_id=602"},"modified":"2022-11-01T18:29:31","modified_gmt":"2022-11-01T16:29:31","slug":"andi-moisescu","status":"publish","type":"page","link":"https:\/\/barbatidesucces.ro\/2021\/andi-moisescu\/","title":{"rendered":"Andi MOISESCU<br\/>locul 8 \/ 9.053 puncte"},"content":{"rendered":"<p>[vc_row full_width=&#8221;stretch_row&#8221;][vc_column width=&#8221;1\/2&#8243;][vc_custom_heading text=&#8221;Andi MOISESCU&#8221; font_container=&#8221;tag:h1|text_align:left|color:%23061539&#8243; use_theme_fonts=&#8221;yes&#8221; el_class=&#8221;vc_hidden-lg vc_hidden-md&#8221;][vc_row_inner][vc_column_inner][vc_single_image image=&#8221;604&#8243; img_size=&#8221;1200&#215;1200&#8243; alignment=&#8221;center&#8221; el_class=&#8221;imagine-top-barbati&#8221;][\/vc_column_inner][\/vc_row_inner][vc_row_inner equal_height=&#8221;yes&#8221; content_placement=&#8221;middle&#8221;][vc_column_inner width=&#8221;1\/3&#8243; offset=&#8221;vc_col-xs-4&#8243;][vc_single_image image=&#8221;603&#8243; img_size=&#8221;full&#8221; alignment=&#8221;center&#8221; el_class=&#8221;numar-top&#8221; css=&#8221;.vc_custom_1635944443931{margin-top: -150px !important;}&#8221;][\/vc_column_inner][vc_column_inner width=&#8221;2\/3&#8243; offset=&#8221;vc_col-xs-8&#8243;][vc_custom_heading text=&#8221;9.053 puncte&#8221; use_theme_fonts=&#8221;yes&#8221; el_class=&#8221;puncte_top&#8221;][\/vc_column_inner][\/vc_row_inner][\/vc_column][vc_column width=&#8221;1\/2&#8243;][vc_custom_heading text=&#8221;Andi MOISESCU&#8221; font_container=&#8221;tag:h1|font_size:3.0625rem|text_align:left|color:%23061539&#8243; use_theme_fonts=&#8221;yes&#8221; el_class=&#8221;vc_hidden-sm vc_hidden-xs&#8221;][vc_column_text]<strong><span class=\"dropcap\">A<\/span>ndi Moisescu \u0219i-a f\u0103cut loc \u00een vie\u021bile noastre cu ajutorul unor emisiuni TV extrem de populare. \u00cen v\u00e2rst\u0103 de 46 de ani, Alexandru \u201eAndi\u201d Moisescu s-a n\u0103scut \u00een Bucure\u0219ti pe data de 26 octombrie \u00een familia unui fost regizor de film. Are un frate mai mic, Tudor, \u0219i este absolvent al Facult\u0103\u021bii de Matematic\u0103 \u0219i Informatic\u0103 a Universit\u0103\u021bii din Bucure\u0219ti. Este c\u0103s\u0103torit cu controversata Olivia Steer, cu care are doi copii: Luca \u0219i David.<\/strong>[\/vc_column_text][vc_column_text]La \u00eenceput a fost om de radio, prima sa apari\u021bie \u00een FM fiind la Radio Costine\u0219ti, urm\u00e2nd apoi Fun Radio \u0219i, \u00een final, Pro FM &#8211; \u00een anul 1996, Andi a fost numit director de programe la Pro FM. \u00cen aceea\u0219i perioad\u0103 el a \u00eenceput s\u0103 lucreze \u00een televiziune, la Pro TV. Aici el a prezentat mai multe emisiuni, toate de un real succes. \u00centre 2000 \u0219i 2004 a realizat emisiunea \u201eMarc\u0103 \u00cenregistrat\u0103\u201d, iar din anul 2005 realizeaz\u0103 mult apreciata emisiune \u201eApropoTV\u201d, la acela\u0219i post. Din anul 2011 face parte din juriul show-ului \u201eRom\u00e2nii au talent\u201d, \u00eempreun\u0103 cu Andra, Alexandra Dinu \/ Mihai Petre \/ Mihaela R\u0103dulescu \u0219i Florin C\u0103linescu \/ Bebe Cotimanis. Acesta a fost \u0219i momentul care l-a propulsat enorm \u00een preferin\u021bele rom\u00e2nilor, care au v\u0103zut \u00een el un tip cu sim\u021bul umorului foarte dezvoltat, dar \u00eentotdeauna respectuos, un tip inteligent, profesionist \u0219i empatic.[\/vc_column_text][\/vc_column][\/vc_row][vc_row full_width=&#8221;stretch_row&#8221;][vc_column][vc_column_text]De asemenea, din 2017 p\u00e2n\u0103 \u00een 2019 el a prezentat emisiunea \u201ePe bune?!\u201d. \u00cen plus, de-a lungul carierei sale el a mai prezentat, tot la Pro TV, \u0219i emisiuni precum \u201eOra 7 Bun\u0103 Diminea\u0163a\u201d, \u201eTe ui\u0163i \u015fi c\u00e2\u015ftigi\u201d, \u201eD\u0103ruie\u015fti \u015fi C\u00e2\u015ftigi\u201d sau \u201eTeo &amp; Andi\u201d.<\/p>\n<p>A\u0219adar, rom\u00e2nii i-au dat un DA pentru locul 8 \u00een topul celor mai de succes b\u0103rba\u021bi \u0219i, cum \u00eei place lui s\u0103 \u00eencheie: \u201eNe \u00eenclin\u0103m!\u201d[\/vc_column_text][\/vc_column][\/vc_row][vc_row gap=&#8221;30&#8243; equal_height=&#8221;yes&#8221; content_placement=&#8221;middle&#8221;][vc_column][vc_empty_space height=&#8221;16px&#8221; css=&#8221;.vc_custom_1635946109351{border-top-width: 1px !important;border-top-color: #bbbdbf !important;border-top-style: solid !important;}&#8221;][vc_btn title=&#8221;\u00cenapoi la prima pagin\u0103&#8221; style=&#8221;custom&#8221; custom_background=&#8221;#061539&#8243; custom_text=&#8221;#ffffff&#8221; shape=&#8221;round&#8221; align=&#8221;center&#8221; i_icon_fontawesome=&#8221;fas fa-angle-left&#8221; add_icon=&#8221;true&#8221; link=&#8221;url:https%3A%2F%2Fbarbatidesucces.ro%2F2021&#8243;][\/vc_column][\/vc_row][vc_row gap=&#8221;30&#8243; equal_height=&#8221;yes&#8221; content_placement=&#8221;middle&#8221; el_class=&#8221;vc_hidden-sm vc_hidden-xs&#8221;][vc_column width=&#8221;2\/3&#8243;][vc_row_inner equal_height=&#8221;yes&#8221; content_placement=&#8221;middle&#8221;][vc_column_inner width=&#8221;1\/4&#8243; offset=&#8221;vc_col-xs-6&#8243;][vc_column_text]<\/p>\n<p style=\"text-align: center;\">un proiect<\/p>\n<p>[\/vc_column_text][vc_single_image image=&#8221;118&#8243; img_size=&#8221;full&#8221; alignment=&#8221;center&#8221;][\/vc_column_inner][vc_column_inner width=&#8221;1\/4&#8243; offset=&#8221;vc_col-xs-6&#8243;][vc_column_text]<\/p>\n<p style=\"text-align: center;\">sus\u021binut de<\/p>\n<p>[\/vc_column_text][vc_single_image image=&#8221;119&#8243; img_size=&#8221;full&#8221; alignment=&#8221;center&#8221;][\/vc_column_inner][vc_column_inner width=&#8221;1\/4&#8243;][\/vc_column_inner][vc_column_inner width=&#8221;1\/4&#8243;][\/vc_column_inner][\/vc_row_inner][\/vc_column][vc_column width=&#8221;1\/3&#8243;][vc_row_inner equal_height=&#8221;yes&#8221;][vc_column_inner width=&#8221;1\/2&#8243;][\/vc_column_inner][vc_column_inner width=&#8221;1\/2&#8243;][vc_column_text]<\/p>\n<p style=\"text-align: center;\">powered by<\/p>\n<p>[\/vc_column_text][vc_single_image image=&#8221;120&#8243; img_size=&#8221;150&#215;150&#8243; alignment=&#8221;center&#8221;][\/vc_column_inner][\/vc_row_inner][\/vc_column][\/vc_row][vc_row gap=&#8221;30&#8243; equal_height=&#8221;yes&#8221; content_placement=&#8221;middle&#8221; el_class=&#8221;vc_hidden-lg vc_hidden-md&#8221;][vc_column][vc_row_inner equal_height=&#8221;yes&#8221;][vc_column_inner][vc_column_text]<\/p>\n<p style=\"text-align: center;\">powered by<\/p>\n<p>[\/vc_column_text][vc_single_image image=&#8221;120&#8243; img_size=&#8221;150&#215;150&#8243; alignment=&#8221;center&#8221;][\/vc_column_inner][\/vc_row_inner][vc_row_inner equal_height=&#8221;yes&#8221; content_placement=&#8221;middle&#8221;][vc_column_inner width=&#8221;1\/2&#8243; offset=&#8221;vc_col-xs-6&#8243;][vc_column_text]<\/p>\n<p style=\"text-align: center;\">un proiect<\/p>\n<p>[\/vc_column_text][vc_single_image image=&#8221;118&#8243; img_size=&#8221;full&#8221; alignment=&#8221;center&#8221;][\/vc_column_inner][vc_column_inner width=&#8221;1\/2&#8243; offset=&#8221;vc_col-xs-6&#8243;][vc_column_text]<\/p>\n<p style=\"text-align: center;\">sus\u021binut de<\/p>\n<p>[\/vc_column_text][vc_single_image image=&#8221;119&#8243; img_size=&#8221;full&#8221; alignment=&#8221;center&#8221;][\/vc_column_inner][\/vc_row_inner][\/vc_column][\/vc_row]<\/p>\n","protected":false},"excerpt":{"rendered":"<p>[vc_row full_width=&#8221;stretch_row&#8221;][vc_column width=&#8221;1\/2&#8243;][vc_custom_heading text=&#8221;Andi MOISESCU&#8221; font_container=&#8221;tag:h1|text_align:left|color:%23061539&#8243; use_theme_fonts=&#8221;yes&#8221; el_class=&#8221;vc_hidden-lg vc_hidden-md&#8221;][vc_row_inner][vc_column_inner][vc_single_image image=&#8221;604&#8243; img_size=&#8221;1200&#215;1200&#8243; alignment=&#8221;center&#8221; el_class=&#8221;imagine-top-barbati&#8221;][\/vc_column_inner][\/vc_row_inner][vc_row_inner equal_height=&#8221;yes&#8221; content_placement=&#8221;middle&#8221;][vc_column_inner width=&#8221;1\/3&#8243; offset=&#8221;vc_col-xs-4&#8243;][vc_single_image image=&#8221;603&#8243; img_size=&#8221;full&#8221; alignment=&#8221;center&#8221; el_class=&#8221;numar-top&#8221; css=&#8221;.vc_custom_1635944443931{margin-top: -150px !important;}&#8221;][\/vc_column_inner][vc_column_inner width=&#8221;2\/3&#8243; offset=&#8221;vc_col-xs-8&#8243;][vc_custom_heading text=&#8221;9.053 puncte&#8221; use_theme_fonts=&#8221;yes&#8221; el_class=&#8221;puncte_top&#8221;][\/vc_column_inner][\/vc_row_inner][\/vc_column][vc_column width=&#8221;1\/2&#8243;][vc_custom_heading text=&#8221;Andi MOISESCU&#8221; font_container=&#8221;tag:h1|font_size:3.0625rem|text_align:left|color:%23061539&#8243; use_theme_fonts=&#8221;yes&#8221; el_class=&#8221;vc_hidden-sm vc_hidden-xs&#8221;][vc_column_text]Andi Moisescu \u0219i-a f\u0103cut loc \u00een vie\u021bile noastre cu ajutorul unor emisiuni TV extrem de populare. \u00cen v\u00e2rst\u0103 de &hellip; <a href=\"https:\/\/barbatidesucces.ro\/2021\/andi-moisescu\/\" class=\"more-link\">Continu\u0103 lectura<span class=\"screen-reader-text\"> \u201eAndi MOISESCU<br \/>locul 8 \/ 9.053 puncte\u201d<\/span><\/a><\/p>\n","protected":false},"author":1,"featured_media":0,"parent":0,"menu_order":0,"comment_status":"closed","ping_status":"closed","template":"page-nosidebar.php","meta":{"footnotes":""},"yoast_head":"<!-- This site is optimized with the Yoast SEO plugin v17.5 - https:\/\/yoast.com\/wordpress\/plugins\/seo\/ -->\n<title>Andi MOISESCU -<\/title>\n<meta name=\"robots\" content=\"index, follow, max-snippet:-1, max-image-preview:large, max-video-preview:-1\" \/>\n<link rel=\"canonical\" href=\"https:\/\/barbatidesucces.ro\/2021\/andi-moisescu\/\" \/>\n<meta property=\"og:locale\" content=\"ro_RO\" \/>\n<meta property=\"og:type\" content=\"article\" \/>\n<meta property=\"og:title\" content=\"Andi MOISESCU -\" \/>\n<meta property=\"og:description\" content=\"[vc_row full_width=&#8221;stretch_row&#8221;][vc_column width=&#8221;1\/2&#8243;][vc_custom_heading text=&#8221;Andi MOISESCU&#8221; font_container=&#8221;tag:h1|text_align:left|color:%23061539&#8243; use_theme_fonts=&#8221;yes&#8221; el_class=&#8221;vc_hidden-lg vc_hidden-md&#8221;][vc_row_inner][vc_column_inner][vc_single_image image=&#8221;604&#8243; img_size=&#8221;1200&#215;1200&#8243; alignment=&#8221;center&#8221; el_class=&#8221;imagine-top-barbati&#8221;][\/vc_column_inner][\/vc_row_inner][vc_row_inner equal_height=&#8221;yes&#8221; content_placement=&#8221;middle&#8221;][vc_column_inner width=&#8221;1\/3&#8243; offset=&#8221;vc_col-xs-4&#8243;][vc_single_image image=&#8221;603&#8243; img_size=&#8221;full&#8221; alignment=&#8221;center&#8221; el_class=&#8221;numar-top&#8221; css=&#8221;.vc_custom_1635944443931{margin-top: -150px !important;}&#8221;][\/vc_column_inner][vc_column_inner width=&#8221;2\/3&#8243; offset=&#8221;vc_col-xs-8&#8243;][vc_custom_heading text=&#8221;9.053 puncte&#8221; use_theme_fonts=&#8221;yes&#8221; el_class=&#8221;puncte_top&#8221;][\/vc_column_inner][\/vc_row_inner][\/vc_column][vc_column width=&#8221;1\/2&#8243;][vc_custom_heading text=&#8221;Andi MOISESCU&#8221; font_container=&#8221;tag:h1|font_size:3.0625rem|text_align:left|color:%23061539&#8243; use_theme_fonts=&#8221;yes&#8221; el_class=&#8221;vc_hidden-sm vc_hidden-xs&#8221;][vc_column_text]Andi Moisescu \u0219i-a f\u0103cut loc \u00een vie\u021bile noastre cu ajutorul unor emisiuni TV extrem de populare. \u00cen v\u00e2rst\u0103 de &hellip; Continu\u0103 lectura \u201eAndi MOISESCUlocul 8 \/ 9.053 puncte\u201d\" \/>\n<meta property=\"og:url\" content=\"https:\/\/barbatidesucces.ro\/2021\/andi-moisescu\/\" \/>\n<meta property=\"article:modified_time\" content=\"2022-11-01T16:29:31+00:00\" \/>\n<meta property=\"og:image\" content=\"https:\/\/barbatidesucces.ro\/2021\/wp-content\/uploads\/2021\/09\/fb-barbatidesucces-ro-01.png\" \/>\n\t<meta property=\"og:image:width\" content=\"1200\" \/>\n\t<meta property=\"og:image:height\" content=\"630\" \/>\n<meta name=\"twitter:card\" content=\"summary_large_image\" \/>\n<meta name=\"twitter:label1\" content=\"Timp estimat pentru citire\" \/>\n\t<meta name=\"twitter:data1\" content=\"2 minute\" \/>\n<script type=\"application\/ld+json\" class=\"yoast-schema-graph\">{\"@context\":\"https:\/\/schema.org\",\"@graph\":[{\"@type\":\"WebSite\",\"@id\":\"https:\/\/barbatidesucces.ro\/2021\/#website\",\"url\":\"https:\/\/barbatidesucces.ro\/2021\/\",\"name\":\"\",\"description\":\"2021\",\"potentialAction\":[{\"@type\":\"SearchAction\",\"target\":{\"@type\":\"EntryPoint\",\"urlTemplate\":\"https:\/\/barbatidesucces.ro\/2021\/?s={search_term_string}\"},\"query-input\":\"required name=search_term_string\"}],\"inLanguage\":\"ro-RO\"},{\"@type\":\"WebPage\",\"@id\":\"https:\/\/barbatidesucces.ro\/2021\/andi-moisescu\/#webpage\",\"url\":\"https:\/\/barbatidesucces.ro\/2021\/andi-moisescu\/\",\"name\":\"Andi MOISESCU -\",\"isPartOf\":{\"@id\":\"https:\/\/barbatidesucces.ro\/2021\/#website\"},\"datePublished\":\"2021-11-03T13:04:26+00:00\",\"dateModified\":\"2022-11-01T16:29:31+00:00\",\"breadcrumb\":{\"@id\":\"https:\/\/barbatidesucces.ro\/2021\/andi-moisescu\/#breadcrumb\"},\"inLanguage\":\"ro-RO\",\"potentialAction\":[{\"@type\":\"ReadAction\",\"target\":[\"https:\/\/barbatidesucces.ro\/2021\/andi-moisescu\/\"]}]},{\"@type\":\"BreadcrumbList\",\"@id\":\"https:\/\/barbatidesucces.ro\/2021\/andi-moisescu\/#breadcrumb\",\"itemListElement\":[{\"@type\":\"ListItem\",\"position\":1,\"name\":\"Prima pagin\\u0103\",\"item\":\"https:\/\/barbatidesucces.ro\/2021\/\"},{\"@type\":\"ListItem\",\"position\":2,\"name\":\"Andi MOISESCU\"}]}]}<\/script>\n<!-- \/ Yoast SEO plugin. -->","yoast_head_json":{"title":"Andi MOISESCU -","robots":{"index":"index","follow":"follow","max-snippet":"max-snippet:-1","max-image-preview":"max-image-preview:large","max-video-preview":"max-video-preview:-1"},"canonical":"https:\/\/barbatidesucces.ro\/2021\/andi-moisescu\/","og_locale":"ro_RO","og_type":"article","og_title":"Andi MOISESCU -","og_description":"[vc_row full_width=&#8221;stretch_row&#8221;][vc_column width=&#8221;1\/2&#8243;][vc_custom_heading text=&#8221;Andi MOISESCU&#8221; font_container=&#8221;tag:h1|text_align:left|color:%23061539&#8243; use_theme_fonts=&#8221;yes&#8221; el_class=&#8221;vc_hidden-lg vc_hidden-md&#8221;][vc_row_inner][vc_column_inner][vc_single_image image=&#8221;604&#8243; img_size=&#8221;1200&#215;1200&#8243; alignment=&#8221;center&#8221; el_class=&#8221;imagine-top-barbati&#8221;][\/vc_column_inner][\/vc_row_inner][vc_row_inner equal_height=&#8221;yes&#8221; content_placement=&#8221;middle&#8221;][vc_column_inner width=&#8221;1\/3&#8243; offset=&#8221;vc_col-xs-4&#8243;][vc_single_image image=&#8221;603&#8243; img_size=&#8221;full&#8221; alignment=&#8221;center&#8221; el_class=&#8221;numar-top&#8221; css=&#8221;.vc_custom_1635944443931{margin-top: -150px !important;}&#8221;][\/vc_column_inner][vc_column_inner width=&#8221;2\/3&#8243; offset=&#8221;vc_col-xs-8&#8243;][vc_custom_heading text=&#8221;9.053 puncte&#8221; use_theme_fonts=&#8221;yes&#8221; el_class=&#8221;puncte_top&#8221;][\/vc_column_inner][\/vc_row_inner][\/vc_column][vc_column width=&#8221;1\/2&#8243;][vc_custom_heading text=&#8221;Andi MOISESCU&#8221; font_container=&#8221;tag:h1|font_size:3.0625rem|text_align:left|color:%23061539&#8243; use_theme_fonts=&#8221;yes&#8221; el_class=&#8221;vc_hidden-sm vc_hidden-xs&#8221;][vc_column_text]Andi Moisescu \u0219i-a f\u0103cut loc \u00een vie\u021bile noastre cu ajutorul unor emisiuni TV extrem de populare. \u00cen v\u00e2rst\u0103 de &hellip; Continu\u0103 lectura \u201eAndi MOISESCUlocul 8 \/ 9.053 puncte\u201d","og_url":"https:\/\/barbatidesucces.ro\/2021\/andi-moisescu\/","article_modified_time":"2022-11-01T16:29:31+00:00","og_image":[{"width":1200,"height":630,"url":"https:\/\/barbatidesucces.ro\/2021\/wp-content\/uploads\/2021\/09\/fb-barbatidesucces-ro-01.png","type":"image\/png"}],"twitter_card":"summary_large_image","twitter_misc":{"Timp estimat pentru citire":"2 minute"},"schema":{"@context":"https:\/\/schema.org","@graph":[{"@type":"WebSite","@id":"https:\/\/barbatidesucces.ro\/2021\/#website","url":"https:\/\/barbatidesucces.ro\/2021\/","name":"","description":"2021","potentialAction":[{"@type":"SearchAction","target":{"@type":"EntryPoint","urlTemplate":"https:\/\/barbatidesucces.ro\/2021\/?s={search_term_string}"},"query-input":"required name=search_term_string"}],"inLanguage":"ro-RO"},{"@type":"WebPage","@id":"https:\/\/barbatidesucces.ro\/2021\/andi-moisescu\/#webpage","url":"https:\/\/barbatidesucces.ro\/2021\/andi-moisescu\/","name":"Andi MOISESCU -","isPartOf":{"@id":"https:\/\/barbatidesucces.ro\/2021\/#website"},"datePublished":"2021-11-03T13:04:26+00:00","dateModified":"2022-11-01T16:29:31+00:00","breadcrumb":{"@id":"https:\/\/barbatidesucces.ro\/2021\/andi-moisescu\/#breadcrumb"},"inLanguage":"ro-RO","potentialAction":[{"@type":"ReadAction","target":["https:\/\/barbatidesucces.ro\/2021\/andi-moisescu\/"]}]},{"@type":"BreadcrumbList","@id":"https:\/\/barbatidesucces.ro\/2021\/andi-moisescu\/#breadcrumb","itemListElement":[{"@type":"ListItem","position":1,"name":"Prima pagin\u0103","item":"https:\/\/barbatidesucces.ro\/2021\/"},{"@type":"ListItem","position":2,"name":"Andi MOISESCU"}]}]}},"_links":{"self":[{"href":"https:\/\/barbatidesucces.ro\/2021\/wp-json\/wp\/v2\/pages\/602"}],"collection":[{"href":"https:\/\/barbatidesucces.ro\/2021\/wp-json\/wp\/v2\/pages"}],"about":[{"href":"https:\/\/barbatidesucces.ro\/2021\/wp-json\/wp\/v2\/types\/page"}],"author":[{"embeddable":true,"href":"https:\/\/barbatidesucces.ro\/2021\/wp-json\/wp\/v2\/users\/1"}],"replies":[{"embeddable":true,"href":"https:\/\/barbatidesucces.ro\/2021\/wp-json\/wp\/v2\/comments?post=602"}],"version-history":[{"count":7,"href":"https:\/\/barbatidesucces.ro\/2021\/wp-json\/wp\/v2\/pages\/602\/revisions"}],"predecessor-version":[{"id":842,"href":"https:\/\/barbatidesucces.ro\/2021\/wp-json\/wp\/v2\/pages\/602\/revisions\/842"}],"wp:attachment":[{"href":"https:\/\/barbatidesucces.ro\/2021\/wp-json\/wp\/v2\/media?parent=602"}],"curies":[{"name":"wp","href":"https:\/\/api.w.org\/{rel}","templated":true}]}}