{"id":564,"date":"2021-11-03T14:30:40","date_gmt":"2021-11-03T12:30:40","guid":{"rendered":"https:\/\/barbatidesucces.ro\/?page_id=564"},"modified":"2022-11-01T18:29:15","modified_gmt":"2022-11-01T16:29:15","slug":"adrian-si-dragos-paval","status":"publish","type":"page","link":"https:\/\/barbatidesucces.ro\/2021\/adrian-si-dragos-paval\/","title":{"rendered":"Adrian \u0219i Drago\u0219 PAV\u0102L<br\/>locul 4 \/ 17.202 puncte"},"content":{"rendered":"<p>[vc_row full_width=&#8221;stretch_row&#8221;][vc_column width=&#8221;1\/2&#8243;][vc_custom_heading text=&#8221;Adrian \u0219i Drago\u0219 PAV\u0102L&#8221; font_container=&#8221;tag:h1|text_align:left|color:%23061539&#8243; use_theme_fonts=&#8221;yes&#8221; el_class=&#8221;vc_hidden-lg vc_hidden-md&#8221;][vc_row_inner][vc_column_inner][vc_single_image image=&#8221;575&#8243; img_size=&#8221;full&#8221; alignment=&#8221;center&#8221; el_class=&#8221;imagine-top-barbati&#8221;][\/vc_column_inner][\/vc_row_inner][vc_row_inner equal_height=&#8221;yes&#8221; content_placement=&#8221;middle&#8221;][vc_column_inner width=&#8221;1\/3&#8243; offset=&#8221;vc_col-xs-4&#8243;][vc_single_image image=&#8221;565&#8243; img_size=&#8221;full&#8221; alignment=&#8221;center&#8221; el_class=&#8221;numar-top&#8221; css=&#8221;.vc_custom_1635941677857{margin-top: -150px !important;}&#8221;][\/vc_column_inner][vc_column_inner width=&#8221;2\/3&#8243; offset=&#8221;vc_col-xs-8&#8243;][vc_custom_heading text=&#8221;17.202 puncte&#8221; use_theme_fonts=&#8221;yes&#8221; el_class=&#8221;puncte_top&#8221;][\/vc_column_inner][\/vc_row_inner][\/vc_column][vc_column width=&#8221;1\/2&#8243;][vc_custom_heading text=&#8221;Adrian \u0219i Drago\u0219 PAV\u0102L&#8221; font_container=&#8221;tag:h1|font_size:3.0625rem|text_align:left|color:%23061539&#8243; use_theme_fonts=&#8221;yes&#8221; el_class=&#8221;vc_hidden-sm vc_hidden-xs&#8221;][vc_column_text]<strong><span class=\"dropcap\">F<\/span>ra\u021bii Drago\u0219 \u0219i Adrian Pav\u0103l, porecli\u021bi \u0219i fra\u021bii Dedeman, reprezint\u0103 un alt exemplu de antreprenori rom\u00e2ni care au pornit de la zero \u0219i au reu\u0219it s\u0103 construiasc\u0103 treptat \u0219i prin mult\u0103 munc\u0103 o afacere de miliarde \u0219i care reu\u0219e\u0219te s\u0103 concureze de la egal la egal cu multina\u021bionalele prezente pe pia\u021b\u0103. Cei doi fra\u021bi au transformat o simpl\u0103 afacere local\u0103 din Bac\u0103u, pornit\u0103 \u00een 1992, \u00eentr-un veritabil brand na\u021bional &#8211; Dedeman fiind cel mai mare lan\u021b de magazine de bricolaj \u0219i unul dintre cele mai puternice branduri autohtone.<\/strong>[\/vc_column_text][vc_column_text]Dedeman a devenit liderul pie\u021bei de bricolaj \u00eenc\u0103 din 2010, c\u00e2nd i-a dep\u0103\u0219it pe germanii de la Praktiker \u00een ceea ce prive\u0219te v\u00e2nz\u0103rile. \u00cen octombrie 2011 Dedeman a devenit pentru prima dat\u0103 sponsor al Comitetului Olimpic \u0219i Sportiv Rom\u00e2n (COSR), pentru o perioad\u0103 de 2 ani. Ulterior, parteneriatul a fost reluat \u00een 2015 sub brandul Team Romania, c\u00e2nd Dedeman a devenit Partener Principal al COSR pentru o perioad\u0103 de 5 ani.[\/vc_column_text][\/vc_column][\/vc_row][vc_row full_width=&#8221;stretch_row&#8221;][vc_column][vc_column_text]\u00cen 2014, sub sloganul Performan\u021b\u0103 100% rom\u00e2neasc\u0103 Dedeman a devenit sponsor al Simonei Halep. O dat\u0103 cu semnarea acestui parteneriat, Dedeman s-a angajat ca pentru fiecare nou magazin deschis s\u0103 amenajeze \u0219i un teren de tenis. \u00cen anul 2015 Dedeman a devenit al patrulea cel mai mare juc\u0103tor din bricolaj \u00een Europa Central\u0103 \u0219i de Est, cu o cot\u0103 de pia\u021b\u0103 de 1,9%.. \u00cen 2021, Dedeman are 56 de magazine deschise \u00een Rom\u00e2nia \u0219i peste 10.000 de angaja\u021bi.<\/p>\n<p>\u00cens\u0103, fra\u021bii Pav\u0103l nu s-au limitat doar la aceast\u0103 afacere, ci au investit \u0219i \u00een imobiliare \u0219i la burs\u0103, cresc\u00e2ndu-\u0219i de la an la an c\u00e2\u0219tigurile, averea (estimat\u0103 la 1,8 miliarde de dolari) \u0219i notorietatea.[\/vc_column_text][\/vc_column][\/vc_row][vc_row gap=&#8221;30&#8243; equal_height=&#8221;yes&#8221; content_placement=&#8221;middle&#8221;][vc_column][vc_empty_space height=&#8221;16px&#8221; css=&#8221;.vc_custom_1635946109351{border-top-width: 1px !important;border-top-color: #bbbdbf !important;border-top-style: solid !important;}&#8221;][vc_btn title=&#8221;\u00cenapoi la prima pagin\u0103&#8221; style=&#8221;custom&#8221; custom_background=&#8221;#061539&#8243; custom_text=&#8221;#ffffff&#8221; shape=&#8221;round&#8221; align=&#8221;center&#8221; i_icon_fontawesome=&#8221;fas fa-angle-left&#8221; add_icon=&#8221;true&#8221; link=&#8221;url:https%3A%2F%2Fbarbatidesucces.ro%2F2021&#8243;][\/vc_column][\/vc_row][vc_row gap=&#8221;30&#8243; equal_height=&#8221;yes&#8221; content_placement=&#8221;middle&#8221; el_class=&#8221;vc_hidden-sm vc_hidden-xs&#8221;][vc_column width=&#8221;2\/3&#8243;][vc_row_inner equal_height=&#8221;yes&#8221; content_placement=&#8221;middle&#8221;][vc_column_inner width=&#8221;1\/4&#8243; offset=&#8221;vc_col-xs-6&#8243;][vc_column_text]<\/p>\n<p style=\"text-align: center;\">un proiect<\/p>\n<p>[\/vc_column_text][vc_single_image image=&#8221;118&#8243; img_size=&#8221;full&#8221; alignment=&#8221;center&#8221;][\/vc_column_inner][vc_column_inner width=&#8221;1\/4&#8243; offset=&#8221;vc_col-xs-6&#8243;][vc_column_text]<\/p>\n<p style=\"text-align: center;\">sus\u021binut de<\/p>\n<p>[\/vc_column_text][vc_single_image image=&#8221;119&#8243; img_size=&#8221;full&#8221; alignment=&#8221;center&#8221;][\/vc_column_inner][vc_column_inner width=&#8221;1\/4&#8243;][\/vc_column_inner][vc_column_inner width=&#8221;1\/4&#8243;][\/vc_column_inner][\/vc_row_inner][\/vc_column][vc_column width=&#8221;1\/3&#8243;][vc_row_inner equal_height=&#8221;yes&#8221;][vc_column_inner width=&#8221;1\/2&#8243;][\/vc_column_inner][vc_column_inner width=&#8221;1\/2&#8243;][vc_column_text]<\/p>\n<p style=\"text-align: center;\">powered by<\/p>\n<p>[\/vc_column_text][vc_single_image image=&#8221;120&#8243; img_size=&#8221;150&#215;150&#8243; alignment=&#8221;center&#8221;][\/vc_column_inner][\/vc_row_inner][\/vc_column][\/vc_row][vc_row gap=&#8221;30&#8243; equal_height=&#8221;yes&#8221; content_placement=&#8221;middle&#8221; el_class=&#8221;vc_hidden-lg vc_hidden-md&#8221;][vc_column][vc_row_inner equal_height=&#8221;yes&#8221;][vc_column_inner][vc_column_text]<\/p>\n<p style=\"text-align: center;\">powered by<\/p>\n<p>[\/vc_column_text][vc_single_image image=&#8221;120&#8243; img_size=&#8221;150&#215;150&#8243; alignment=&#8221;center&#8221;][\/vc_column_inner][\/vc_row_inner][vc_row_inner equal_height=&#8221;yes&#8221; content_placement=&#8221;middle&#8221;][vc_column_inner width=&#8221;1\/2&#8243; offset=&#8221;vc_col-xs-6&#8243;][vc_column_text]<\/p>\n<p style=\"text-align: center;\">un proiect<\/p>\n<p>[\/vc_column_text][vc_single_image image=&#8221;118&#8243; img_size=&#8221;full&#8221; alignment=&#8221;center&#8221;][\/vc_column_inner][vc_column_inner width=&#8221;1\/2&#8243; offset=&#8221;vc_col-xs-6&#8243;][vc_column_text]<\/p>\n<p style=\"text-align: center;\">sus\u021binut de<\/p>\n<p>[\/vc_column_text][vc_single_image image=&#8221;119&#8243; img_size=&#8221;full&#8221; alignment=&#8221;center&#8221;][\/vc_column_inner][\/vc_row_inner][\/vc_column][\/vc_row]<\/p>\n","protected":false},"excerpt":{"rendered":"<p>[vc_row full_width=&#8221;stretch_row&#8221;][vc_column width=&#8221;1\/2&#8243;][vc_custom_heading text=&#8221;Adrian \u0219i Drago\u0219 PAV\u0102L&#8221; font_container=&#8221;tag:h1|text_align:left|color:%23061539&#8243; use_theme_fonts=&#8221;yes&#8221; el_class=&#8221;vc_hidden-lg vc_hidden-md&#8221;][vc_row_inner][vc_column_inner][vc_single_image image=&#8221;575&#8243; img_size=&#8221;full&#8221; alignment=&#8221;center&#8221; el_class=&#8221;imagine-top-barbati&#8221;][\/vc_column_inner][\/vc_row_inner][vc_row_inner equal_height=&#8221;yes&#8221; content_placement=&#8221;middle&#8221;][vc_column_inner width=&#8221;1\/3&#8243; offset=&#8221;vc_col-xs-4&#8243;][vc_single_image image=&#8221;565&#8243; img_size=&#8221;full&#8221; alignment=&#8221;center&#8221; el_class=&#8221;numar-top&#8221; css=&#8221;.vc_custom_1635941677857{margin-top: -150px !important;}&#8221;][\/vc_column_inner][vc_column_inner width=&#8221;2\/3&#8243; offset=&#8221;vc_col-xs-8&#8243;][vc_custom_heading text=&#8221;17.202 puncte&#8221; use_theme_fonts=&#8221;yes&#8221; el_class=&#8221;puncte_top&#8221;][\/vc_column_inner][\/vc_row_inner][\/vc_column][vc_column width=&#8221;1\/2&#8243;][vc_custom_heading text=&#8221;Adrian \u0219i Drago\u0219 PAV\u0102L&#8221; font_container=&#8221;tag:h1|font_size:3.0625rem|text_align:left|color:%23061539&#8243; use_theme_fonts=&#8221;yes&#8221; el_class=&#8221;vc_hidden-sm vc_hidden-xs&#8221;][vc_column_text]Fra\u021bii Drago\u0219 \u0219i Adrian Pav\u0103l, porecli\u021bi \u0219i fra\u021bii Dedeman, reprezint\u0103 un alt exemplu de antreprenori &hellip; <a href=\"https:\/\/barbatidesucces.ro\/2021\/adrian-si-dragos-paval\/\" class=\"more-link\">Continu\u0103 lectura<span class=\"screen-reader-text\"> \u201eAdrian \u0219i Drago\u0219 PAV\u0102L<br \/>locul 4 \/ 17.202 puncte\u201d<\/span><\/a><\/p>\n","protected":false},"author":1,"featured_media":0,"parent":0,"menu_order":0,"comment_status":"closed","ping_status":"closed","template":"page-nosidebar.php","meta":{"footnotes":""},"yoast_head":"<!-- This site is optimized with the Yoast SEO plugin v17.5 - https:\/\/yoast.com\/wordpress\/plugins\/seo\/ -->\n<title>Adrian \u0219i Drago\u0219 PAV\u0102L -<\/title>\n<meta name=\"robots\" content=\"index, follow, max-snippet:-1, max-image-preview:large, max-video-preview:-1\" \/>\n<link rel=\"canonical\" href=\"https:\/\/barbatidesucces.ro\/2021\/adrian-si-dragos-paval\/\" \/>\n<meta property=\"og:locale\" content=\"ro_RO\" \/>\n<meta property=\"og:type\" content=\"article\" \/>\n<meta property=\"og:title\" content=\"Adrian \u0219i Drago\u0219 PAV\u0102L -\" \/>\n<meta property=\"og:description\" content=\"[vc_row full_width=&#8221;stretch_row&#8221;][vc_column width=&#8221;1\/2&#8243;][vc_custom_heading text=&#8221;Adrian \u0219i Drago\u0219 PAV\u0102L&#8221; font_container=&#8221;tag:h1|text_align:left|color:%23061539&#8243; use_theme_fonts=&#8221;yes&#8221; el_class=&#8221;vc_hidden-lg vc_hidden-md&#8221;][vc_row_inner][vc_column_inner][vc_single_image image=&#8221;575&#8243; img_size=&#8221;full&#8221; alignment=&#8221;center&#8221; el_class=&#8221;imagine-top-barbati&#8221;][\/vc_column_inner][\/vc_row_inner][vc_row_inner equal_height=&#8221;yes&#8221; content_placement=&#8221;middle&#8221;][vc_column_inner width=&#8221;1\/3&#8243; offset=&#8221;vc_col-xs-4&#8243;][vc_single_image image=&#8221;565&#8243; img_size=&#8221;full&#8221; alignment=&#8221;center&#8221; el_class=&#8221;numar-top&#8221; css=&#8221;.vc_custom_1635941677857{margin-top: -150px !important;}&#8221;][\/vc_column_inner][vc_column_inner width=&#8221;2\/3&#8243; offset=&#8221;vc_col-xs-8&#8243;][vc_custom_heading text=&#8221;17.202 puncte&#8221; use_theme_fonts=&#8221;yes&#8221; el_class=&#8221;puncte_top&#8221;][\/vc_column_inner][\/vc_row_inner][\/vc_column][vc_column width=&#8221;1\/2&#8243;][vc_custom_heading text=&#8221;Adrian \u0219i Drago\u0219 PAV\u0102L&#8221; font_container=&#8221;tag:h1|font_size:3.0625rem|text_align:left|color:%23061539&#8243; use_theme_fonts=&#8221;yes&#8221; el_class=&#8221;vc_hidden-sm vc_hidden-xs&#8221;][vc_column_text]Fra\u021bii Drago\u0219 \u0219i Adrian Pav\u0103l, porecli\u021bi \u0219i fra\u021bii Dedeman, reprezint\u0103 un alt exemplu de antreprenori &hellip; Continu\u0103 lectura \u201eAdrian \u0219i Drago\u0219 PAV\u0102Llocul 4 \/ 17.202 puncte\u201d\" \/>\n<meta property=\"og:url\" content=\"https:\/\/barbatidesucces.ro\/2021\/adrian-si-dragos-paval\/\" \/>\n<meta property=\"article:modified_time\" content=\"2022-11-01T16:29:15+00:00\" \/>\n<meta property=\"og:image\" content=\"https:\/\/barbatidesucces.ro\/2021\/wp-content\/uploads\/2021\/09\/fb-barbatidesucces-ro-01.png\" \/>\n\t<meta property=\"og:image:width\" content=\"1200\" \/>\n\t<meta property=\"og:image:height\" content=\"630\" \/>\n<meta name=\"twitter:card\" content=\"summary_large_image\" \/>\n<meta name=\"twitter:label1\" content=\"Timp estimat pentru citire\" \/>\n\t<meta name=\"twitter:data1\" content=\"2 minute\" \/>\n<script type=\"application\/ld+json\" class=\"yoast-schema-graph\">{\"@context\":\"https:\/\/schema.org\",\"@graph\":[{\"@type\":\"WebSite\",\"@id\":\"https:\/\/barbatidesucces.ro\/2021\/#website\",\"url\":\"https:\/\/barbatidesucces.ro\/2021\/\",\"name\":\"\",\"description\":\"2021\",\"potentialAction\":[{\"@type\":\"SearchAction\",\"target\":{\"@type\":\"EntryPoint\",\"urlTemplate\":\"https:\/\/barbatidesucces.ro\/2021\/?s={search_term_string}\"},\"query-input\":\"required name=search_term_string\"}],\"inLanguage\":\"ro-RO\"},{\"@type\":\"WebPage\",\"@id\":\"https:\/\/barbatidesucces.ro\/2021\/adrian-si-dragos-paval\/#webpage\",\"url\":\"https:\/\/barbatidesucces.ro\/2021\/adrian-si-dragos-paval\/\",\"name\":\"Adrian \\u0219i Drago\\u0219 PAV\\u0102L -\",\"isPartOf\":{\"@id\":\"https:\/\/barbatidesucces.ro\/2021\/#website\"},\"datePublished\":\"2021-11-03T12:30:40+00:00\",\"dateModified\":\"2022-11-01T16:29:15+00:00\",\"breadcrumb\":{\"@id\":\"https:\/\/barbatidesucces.ro\/2021\/adrian-si-dragos-paval\/#breadcrumb\"},\"inLanguage\":\"ro-RO\",\"potentialAction\":[{\"@type\":\"ReadAction\",\"target\":[\"https:\/\/barbatidesucces.ro\/2021\/adrian-si-dragos-paval\/\"]}]},{\"@type\":\"BreadcrumbList\",\"@id\":\"https:\/\/barbatidesucces.ro\/2021\/adrian-si-dragos-paval\/#breadcrumb\",\"itemListElement\":[{\"@type\":\"ListItem\",\"position\":1,\"name\":\"Prima pagin\\u0103\",\"item\":\"https:\/\/barbatidesucces.ro\/2021\/\"},{\"@type\":\"ListItem\",\"position\":2,\"name\":\"Adrian \\u0219i Drago\\u0219 PAV\\u0102L\"}]}]}<\/script>\n<!-- \/ Yoast SEO plugin. -->","yoast_head_json":{"title":"Adrian \u0219i Drago\u0219 PAV\u0102L -","robots":{"index":"index","follow":"follow","max-snippet":"max-snippet:-1","max-image-preview":"max-image-preview:large","max-video-preview":"max-video-preview:-1"},"canonical":"https:\/\/barbatidesucces.ro\/2021\/adrian-si-dragos-paval\/","og_locale":"ro_RO","og_type":"article","og_title":"Adrian \u0219i Drago\u0219 PAV\u0102L -","og_description":"[vc_row full_width=&#8221;stretch_row&#8221;][vc_column width=&#8221;1\/2&#8243;][vc_custom_heading text=&#8221;Adrian \u0219i Drago\u0219 PAV\u0102L&#8221; font_container=&#8221;tag:h1|text_align:left|color:%23061539&#8243; use_theme_fonts=&#8221;yes&#8221; el_class=&#8221;vc_hidden-lg vc_hidden-md&#8221;][vc_row_inner][vc_column_inner][vc_single_image image=&#8221;575&#8243; img_size=&#8221;full&#8221; alignment=&#8221;center&#8221; el_class=&#8221;imagine-top-barbati&#8221;][\/vc_column_inner][\/vc_row_inner][vc_row_inner equal_height=&#8221;yes&#8221; content_placement=&#8221;middle&#8221;][vc_column_inner width=&#8221;1\/3&#8243; offset=&#8221;vc_col-xs-4&#8243;][vc_single_image image=&#8221;565&#8243; img_size=&#8221;full&#8221; alignment=&#8221;center&#8221; el_class=&#8221;numar-top&#8221; css=&#8221;.vc_custom_1635941677857{margin-top: -150px !important;}&#8221;][\/vc_column_inner][vc_column_inner width=&#8221;2\/3&#8243; offset=&#8221;vc_col-xs-8&#8243;][vc_custom_heading text=&#8221;17.202 puncte&#8221; use_theme_fonts=&#8221;yes&#8221; el_class=&#8221;puncte_top&#8221;][\/vc_column_inner][\/vc_row_inner][\/vc_column][vc_column width=&#8221;1\/2&#8243;][vc_custom_heading text=&#8221;Adrian \u0219i Drago\u0219 PAV\u0102L&#8221; font_container=&#8221;tag:h1|font_size:3.0625rem|text_align:left|color:%23061539&#8243; use_theme_fonts=&#8221;yes&#8221; el_class=&#8221;vc_hidden-sm vc_hidden-xs&#8221;][vc_column_text]Fra\u021bii Drago\u0219 \u0219i Adrian Pav\u0103l, porecli\u021bi \u0219i fra\u021bii Dedeman, reprezint\u0103 un alt exemplu de antreprenori &hellip; Continu\u0103 lectura \u201eAdrian \u0219i Drago\u0219 PAV\u0102Llocul 4 \/ 17.202 puncte\u201d","og_url":"https:\/\/barbatidesucces.ro\/2021\/adrian-si-dragos-paval\/","article_modified_time":"2022-11-01T16:29:15+00:00","og_image":[{"width":1200,"height":630,"url":"https:\/\/barbatidesucces.ro\/2021\/wp-content\/uploads\/2021\/09\/fb-barbatidesucces-ro-01.png","type":"image\/png"}],"twitter_card":"summary_large_image","twitter_misc":{"Timp estimat pentru citire":"2 minute"},"schema":{"@context":"https:\/\/schema.org","@graph":[{"@type":"WebSite","@id":"https:\/\/barbatidesucces.ro\/2021\/#website","url":"https:\/\/barbatidesucces.ro\/2021\/","name":"","description":"2021","potentialAction":[{"@type":"SearchAction","target":{"@type":"EntryPoint","urlTemplate":"https:\/\/barbatidesucces.ro\/2021\/?s={search_term_string}"},"query-input":"required name=search_term_string"}],"inLanguage":"ro-RO"},{"@type":"WebPage","@id":"https:\/\/barbatidesucces.ro\/2021\/adrian-si-dragos-paval\/#webpage","url":"https:\/\/barbatidesucces.ro\/2021\/adrian-si-dragos-paval\/","name":"Adrian \u0219i Drago\u0219 PAV\u0102L -","isPartOf":{"@id":"https:\/\/barbatidesucces.ro\/2021\/#website"},"datePublished":"2021-11-03T12:30:40+00:00","dateModified":"2022-11-01T16:29:15+00:00","breadcrumb":{"@id":"https:\/\/barbatidesucces.ro\/2021\/adrian-si-dragos-paval\/#breadcrumb"},"inLanguage":"ro-RO","potentialAction":[{"@type":"ReadAction","target":["https:\/\/barbatidesucces.ro\/2021\/adrian-si-dragos-paval\/"]}]},{"@type":"BreadcrumbList","@id":"https:\/\/barbatidesucces.ro\/2021\/adrian-si-dragos-paval\/#breadcrumb","itemListElement":[{"@type":"ListItem","position":1,"name":"Prima pagin\u0103","item":"https:\/\/barbatidesucces.ro\/2021\/"},{"@type":"ListItem","position":2,"name":"Adrian \u0219i Drago\u0219 PAV\u0102L"}]}]}},"_links":{"self":[{"href":"https:\/\/barbatidesucces.ro\/2021\/wp-json\/wp\/v2\/pages\/564"}],"collection":[{"href":"https:\/\/barbatidesucces.ro\/2021\/wp-json\/wp\/v2\/pages"}],"about":[{"href":"https:\/\/barbatidesucces.ro\/2021\/wp-json\/wp\/v2\/types\/page"}],"author":[{"embeddable":true,"href":"https:\/\/barbatidesucces.ro\/2021\/wp-json\/wp\/v2\/users\/1"}],"replies":[{"embeddable":true,"href":"https:\/\/barbatidesucces.ro\/2021\/wp-json\/wp\/v2\/comments?post=564"}],"version-history":[{"count":12,"href":"https:\/\/barbatidesucces.ro\/2021\/wp-json\/wp\/v2\/pages\/564\/revisions"}],"predecessor-version":[{"id":841,"href":"https:\/\/barbatidesucces.ro\/2021\/wp-json\/wp\/v2\/pages\/564\/revisions\/841"}],"wp:attachment":[{"href":"https:\/\/barbatidesucces.ro\/2021\/wp-json\/wp\/v2\/media?parent=564"}],"curies":[{"name":"wp","href":"https:\/\/api.w.org\/{rel}","templated":true}]}}